or of 40 and 8020.
20
What is the greatest common divisor of 114 and 1102?
38
What is the highest common factor of 474 and 6?
6
What is the greatest common factor of 12595 and 11?
11
What is the greatest common divisor of 1210 and 22?
22
Calculate the highest common divisor of 16 and 496.
16
What is the highest common divisor of 49 and 882?
49
What is the greatest common factor of 15572 and 68?
68
What is the greatest common divisor of 39 and 11349?
39
What is the highest common divisor of 2482 and 34?
34
Calculate the greatest common factor of 4214 and 1274.
98
Calculate the greatest common divisor of 9195 and 60.
15
What is the highest common divisor of 12738 and 132?
66
What is the greatest common divisor of 2 and 56?
2
Calculate the highest common factor of 371 and 17914.
53
Calculate the greatest common factor of 808 and 303.
101
What is the greatest common factor of 56 and 8596?
28
What is the highest common divisor of 2400 and 736?
32
Calculate the highest common factor of 5 and 5.
5
Calculate the greatest common factor of 6 and 54.
6
What is the highest common factor of 25712 and 32?
16
What is the greatest common divisor of 3 and 501?
3
What is the highest common divisor of 63 and 21?
21
Calculate the highest common factor of 22 and 3718.
22
What is the greatest common divisor of 6 and 96?
6
What is the highest common factor of 46987 and 38?
19
What is the greatest common divisor of 198 and 7216?
22
Calculate the greatest common divisor of 125 and 50.
25
What is the highest common factor of 297 and 7884?
27
Calculate the highest common factor of 46354 and 14.
14
What is the greatest common factor of 6 and 204?
6
What is the highest common divisor of 1573 and 286?
143
What is the highest common factor of 126 and 56?
14
Calculate the highest common divisor of 1156 and 68.
68
Calculate the highest common divisor of 280 and 4280.
40
Calculate the greatest common divisor of 120 and 440.
40
What is the greatest common factor of 920 and 760?
40
What is the greatest common factor of 24 and 540?
12
What is the greatest common divisor of 73 and 1606?
73
Calculate the highest common factor of 51 and 3.
3
What is the highest common divisor of 7 and 2023?
7
Calculate the greatest common divisor of 72 and 108.
36
Calculate the greatest common factor of 8 and 17.
1
What is the greatest common divisor of 15 and 4755?
15
Calculate the highest common factor of 4448 and 16.
16
Calculate the greatest common factor of 408 and 448.
8
Calculate the highest common divisor of 2727 and 27.
27
Calculate the greatest common divisor of 3650 and 292.
146
Calculate the highest common factor of 33 and 57.
3
What is the greatest common divisor of 41 and 19352?
41
What is the highest common divisor of 695 and 5?
5
What is the greatest common factor of 680 and 3536?
136
What is the highest common divisor of 215 and 344?
43
What is the highest common factor of 870 and 750?
30
Calculate the highest common divisor of 244 and 4.
4
Calculate the greatest common factor of 2 and 10.
2
Calculate the highest common divisor of 12 and 964.
4
Calculate the highest common divisor of 2035 and 55.
55
Calculate the greatest common factor of 380 and 1615.
95
Calculate the greatest common factor of 145 and 232.
29
What is the highest common factor of 10282 and 2?
2
Calculate the highest common factor of 72 and 27.
9
What is the greatest common factor of 2964 and 117?
39
What is the highest common factor of 55 and 121?
11
What is the greatest common factor of 9658 and 22?
22
Calculate the greatest common divisor of 36 and 7974.
18
What is the greatest common divisor of 840 and 504?
168
Calculate the greatest common factor of 775 and 31.
31
Calculate the highest common factor of 352 and 132.
44
What is the highest common factor of 1266 and 90?
6
What is the greatest common factor of 5125 and 41?
41
What is the highest common factor of 1728 and 1944?
216
What is the greatest common divisor of 138 and 207?
69
What is the highest common divisor of 2135 and 732?
61
Calculate the greatest common divisor of 16 and 4.
4
Calculate the highest common factor of 140 and 14140.
140
What is the highest common factor of 2685 and 45?
15
What is the highest common factor of 28 and 1148?
28
Calculate the greatest common divisor of 80 and 5.
5
Calculate the highest common factor of 104 and 1508.
52
What is the highest common factor of 2235 and 15?
15
Calculate the highest common factor of 6765 and 165.
165
Calculate the greatest common divisor of 345 and 30.
15
What is the greatest common divisor of 638 and 22?
22
Calculate the greatest common factor of 35 and 14.
7
Calculate the highest common factor of 57 and 6.
3
Calculate the highest common divisor of 556 and 8.
4
Calculate the greatest common factor of 1081 and 23.
23
Calculate the greatest common divisor of 6250 and 10.
10
What is the highest common factor of 18 and 63?
9
What is the highest common divisor of 13 and 4?
1
What is the highest common factor of 139 and 5699?
139
Calculate the greatest common factor of 10075 and 310.
155
What is the highest common factor of 3451 and 136?
17
What is the highest common divisor of 1126 and 2?
2
What is the greatest common divisor of 210 and 112?
14
Calculate the highest common divisor of 74 and 74.
74
What is the highest common divisor of 690 and 276?
138
Calculate the highest common factor of 17190 and 90.
90
Calculate the greatest common divisor of 637 and 49.
49
Calculate the highest common factor of 954 and 3074.
106
Calculate the highest common factor of 7304 and 8.
8
What is the greatest common divisor of 5029 and 94?
47
Calculate the highest common factor of 1008 and 224.
112
Calculate the greatest common divisor of 14 and 4046.
14
Calculate the highest common factor of 410 and 20.
10
Calculate the highest common factor of 80 and 330.
10
Calculate the highest common factor of 124 and 5828.
124
What is the greatest common factor of 24 and 72?
24
Calculate the highest common divisor of 20 and 1090.
10
What is the highest common divisor of 1441 and 11?
11
Calculate the greatest common factor of 257 and 2.
1
What is the highest common divisor of 15 and 3225?
15
Calculate the greatest common divisor of 170 and 119.
17
What is the highest common factor of 77 and 16863?
77
Calculate the highest common factor of 34 and 170.
34
What is the greatest common divisor of 4975 and 25?
25
Calculate the highest common divisor of 124 and 52.
4
What is the greatest common factor of 124 and 434?
62
What is the greatest common divisor of 986 and 174?
58
Calculate the greatest common divisor of 2 and 416.
2
Calculate the highest common divisor of 96 and 5808.
48
Calculate the highest common factor of 4 and 548.
4
What is the highest common divisor of 33 and 33?
33
What is the greatest common divisor of 1554 and 21?
21
Calculate the greatest common divisor of 84 and 108.
12
Calculate the greatest common divisor of 580 and 1856.
116
Calculate the highest common divisor of 615 and 1968.
123
Calculate the highest common factor of 1 and 11.
1
What is the greatest common divisor of 280 and 672?
56
Calculate the greatest common divisor of 205 and 35.
5
What is the greatest common divisor of 2185 and 115?
115
Calculate the greatest common divisor of 1410 and 7285.
235
What is the highest common divisor of 129 and 6?
3
What is the greatest common factor of 843 and 281?
281
What is the highest common divisor of 222 and 12?
6
What is the greatest common factor of 376 and 8?
8
What is the greatest common divisor of 48 and 80?
16
What is the highest common divisor of 130 and 1350?
10
Calculate the highest common divisor of 28 and 8.
4
Calculate the greatest common factor of 485 and 11543.
97
What is the highest common factor of 1394 and 204?
34
What is the greatest common factor of 182 and 78?
26
What is the greatest common factor of 4764 and 12?
12
What is the highest common divisor of 296 and 12284?
148
What is the highest common factor of 63 and 483?
21
Calculate the greatest common factor of 537 and 1253.
179
What is the highest common divisor of 475 and 57?
19
Calculate the greatest common divisor of 195 and 741.
39
What is the highest common divisor of 11 and 88?
11
Calculate the greatest common divisor of 4601 and 43.
43
Ca